 36?
True
Is 260 a multiple of 13?
True
Is 38 a factor of 4824?
False
Is 123 a multiple of 13?
False
Is 25907 a multiple of 93?
False
Is 268 a multiple of 33?
False
Is 129 a factor of 27864?
True
Is 955 a multiple of 14?
False
Is 12 a factor of 743?
False
Is 73955 a multiple of 41?
False
Is 1824 a multiple of 24?
True
Does 6 divide 2464?
False
Does 20 divide 3380?
True
Is 3582 a multiple of 53?
False
Does 26 divide 13542?
False
Is 7314 a multiple of 53?
True
Does 6 divide 338?
False
Is 3019 a multiple of 17?
False
Does 381 divide 93345?
True
Does 8 divide 1642?
False
Is 26676 a multiple of 36?
True
Does 232 divide 17638?
False
Does 15 divide 543?
False
Is 59 a factor of 15989?
True
Does 30 divide 13031?
False
Does 12 divide 12972?
True
Is 26254 a multiple of 75?
False
Is 2381 a multiple of 57?
False
Is 83 a multiple of 34?
False
Does 53 divide 4576?
False
Does 18 divide 5990?
False
Is 11 a factor of 1463?
True
Does 17 divide 910?
False
Does 106 divide 6890?
True
Is 120 a factor of 3000?
True
Does 15 divide 10860?
True
Is 111 a multiple of 3?
True
Is 4009 a multiple of 42?
False
Does 168 divide 5208?
True
Is 10 a factor of 10919?
False
Is 3 a factor of 113?
False
Does 9 divide 82?
False
Is 40 a factor of 1960?
True
Is 119 a multiple of 7?
True
Is 12 a factor of 1524?
True
Is 7633 a multiple of 8?
False
Does 14 divide 11046?
True
Is 4351 a multiple of 163?
False
Does 25 divide 2077?
False
Is 3138 a multiple of 33?
False
Does 32 divide 1600?
True
Does 82 divide 3879?
False
Does 134 divide 21450?
False
Does 71 divide 497?
True
Does 2 divide 4734?
True
Is 3243 a multiple of 69?
True
Is 1575 a multiple of 94?
False
Is 75700 a multiple of 11?
False
Does 12 divide 5101?
False
Is 164 a factor of 5248?
True
Is 22 a factor of 1043?
False
Does 75 divide 13388?
False
Does 7 divide 143?
False
Is 34 a factor of 1833?
False
Is 313 a multiple of 2?
False
Is 24 a factor of 18840?
True
Is 204 a multiple of 5?
False
Is 4385 a multiple of 15?
False
Is 59 a factor of 767?
True
Is 4144 a multiple of 16?
True
Is 1070 a multiple of 114?
False
Does 14 divide 12317?
False
Does 27 divide 38252?
False
Does 14 divide 644?
True
Does 4 divide 2587?
False
Does 73 divide 10585?
True
Does 29 divide 74372?
False
Is 5 a factor of 1156?
False
Is 68816 a multiple of 16?
True
Is 69384 a multiple of 56?
True
Does 10 divide 130?
True
Is 18 a factor of 127?
False
Does 35 divide 875?
True
Does 33 divide 61783?
False
Is 64330 a multiple of 70?
True
Is 103 a factor of 125309?
False
Is 8300 a multiple of 20?
True
Does 35 divide 417?
False
Does 104 divide 12986?
False
Is 27 a factor of 4185?
True
Is 54 a multiple of 5?
False
Is 8359 a multiple of 14?
False
Does 54 divide 39792?
False
Does 6 divide 1170?
True
Is 20 a factor of 1440?
True
Is 21 a factor of 5957?
False
Is 67 a factor of 573?
False
Is 32 a factor of 1024?
True
Does 10 divide 802?
False
Is 24 a factor of 10400?
False
Does 23 divide 528?
False
Is 15 a factor of 52155?
True
Is 9374 a multiple of 41?
False
Does 40 divide 6355?
False
Is 23 a factor of 483?
True
Is 495 a multiple of 33?
True
Does 13 divide 2527?
False
Is 11 a factor of 2253?
False
Is 30 a factor of 1970?
False
Is 6 a factor of 2676?
True
Is 13 a factor of 23010?
True
Is 24 a factor of 812?
False
Does 26 divide 338?
True
Is 31 a factor of 217?
True
Does 12 divide 317?
False
Does 8 divide 18438?
False
Is 2896 a multiple of 181?
True
Is 7 a factor of 1377?
False
Is 26 a factor of 156?
True
Is 88 a factor of 44842?
False
Does 70 divide 3137?
False
Is 90 a factor of 1440?
True
Is 34 a multiple of 5?
False
Does 47 divide 611?
True
Is 6 a factor of 666?
True
Is 3186 a multiple of 18?
True
Is 73944 a multiple of 13?
True
Is 5025 a multiple of 15?
True
Is 14 a factor of 77112?
True
Does 7 divide 115569?
False
Is 57 a factor of 969?
True
Does 15 divide 44235?
True
Does 83 divide 2324?
True
Is 288 a multiple of 8?
True
Does 55 divide 6215?
True
Does 44 divide 4664?
True
Is 69826 a multiple of 95?
False
Does 6 divide 317?
False
Is 9 a factor of 1356?
False
Is 4512 a multiple of 16?
True
Is 12 a factor of 2647?
False
Does 31 divide 718?
False
Is 7072 a multiple of 28?
False
Does 20 divide 1080?
True
Is 637 a multiple of 13?
True
Does 11 divide 30938?
False
Is 3075 a multiple of 129?
False
Is 20 a factor of 8940?
True
Is 14 a factor of 1610?
True
Is 117 a factor of 11804?
False
Is 43 a factor of 774?
True
Does 250 divide 4446?
False
Does 75 divide 720?
False
Does 28 divide 62300?
True
Is 7 a factor of 24962?
True
Is 24 a factor of 192?
True
Is 35475 a multiple of 129?
True
Is 2590 a multiple of 37?
True
Is 43320 a multiple of 40?
True
Is 560 a multiple of 40?
True
Is 3086 a multiple of 25?
False
Is 48100 a multiple of 52?
True
Is 68 a factor of 617?
False
Does 68 divide 4556?
True
Is 17 a factor of 34451?
False
Is 4704 a multiple of 21?
True
Is 1038 a multiple of 18?
False
Is 76 a factor of 105?
False
Is 62 a factor of 3291?
False
Is 9750 a multiple of 30?
True
Is 1490 a multiple of 80?
False
Is 1636 a multiple of 24?
False
Is 92931 a multiple of 139?
False
Is 880 a multiple of 22?
True
Is 8295 a multiple of 79?
True
Does 27 divide 5454?
True
Is 608 a multiple of 38?
True
Is 4 a factor of 1080?
True
Does 14 divide 5505?
False
Is 8 a factor of 11920?
True
Does 22 divide 17082?
False
Is 19 a factor of 1254?
True
Is 5774 a multiple of 96?
False
Is 9 a factor of 1413?
True
Is 1309 a multiple of 11?
True
Is 3 a factor of 29?
False
Is 1616 a multiple of 29?
False
Is 1316 a multiple of 7?
True
Does 9 divide 3069?
True
Is 28 a factor of 175560?
True
Is 7303 a multiple of 67?
True
Is 105 a factor of 45650?
False
Is 2464 a multiple of 88?
True
Does 28 divide 10583?
False
Does 118 divide 708?
True
Does 12 divide 6348?
True
Is 14058 a multiple of 22?
True
Is 4600 a multiple of 40?
True
Does 81 divide 2720?
False
Does 11 divide 297?
True
Does 29 divide 18328?
True
Is 7 a factor of 1522?
False
Is 37 a factor of 4329?
True
Is 3 a factor of 91?
False
Is 15 a factor of 15060?
True
Is 9 a factor of 10152?
True
Does 41 divide 7790?
True
Does 11 divide 81?
False
Is 496 a multiple of 31?
True
Is 78 a factor of 27144?
True
Is 55 a factor of 330?
True
Is 107 a factor of 9175?
False
Is 61 a multiple of 12?
False
Is 17052 a multiple of 11?
False
Is 7 a factor of 473?
False
Does 52 divide 74828?
True
Does 137 divide 10333?
False
Is 21 a factor of 5905?
False
Is 1316 a multiple of 4?
True
Is 18468 a multiple of 12?
True
Is 3645 a multiple of 81?
True
Is 14336 a multiple of 64?
True
Does 20 divide 517?
False
Does 34 divide 68?
True
Does 8 divide 1111?
False
Does 7 divide 140?
True
Does 46 divide 506?
True
Does 9 divide 11448?
True
Does 13 divide 2517?
False
Is 18354 a multiple of 103?
False
Is 4 a factor of 40?
True
Is 18 a factor of 16416?
True
Does 5 divide 4299?
False
Does 46 divide 2483?
False
Is 55 a factor of 1815?
True
Is 20235 a multiple of 142?
False
Is 1351 a multiple of 16?
False
Does 96 divide 64704?
True
Is 70 a multiple of 19?
False
Is 5515 a multiple of 18?
False
Is 6688 a multiple of 152?
True
Does 89 divide 26433?
True
Does 38 divide 2692?
False
Is 184 a multiple of 8?
True
Is 28 a factor of 29092?
True
Does 157 divide 27349?
False
Is 53 a factor of 2688?
False
Does 102 divide 14790?
True
Is 1335 a multiple of 21?
False
Is 60 a factor of 1980?
True
Is 703 a multiple of 19?
True
Is 22 a factor of 132?
True
Does 24 divide 1488?
True
Is 77008 a multiple of 58?
False
Is 30 a factor of 480?
True
Does 84 divide 22552?
False
Does 8 divide 904?
True
Is 242 a multiple of 22?
True
Does 27 divide 3332?
False
Does 32 divide 864?
True
Is 14 a factor of 1666?
True
Does 5 divide 2054?
False
Is 82056 a multiple of 24?
True
Is 46 a factor of 1408?
False
Is 2475 a multiple of 75?
True
Is 10379 a multiple of 64?
False
Does 146 divide 41432?
False
Does 57 divide 19608?
True
Is 7 a factor of 686?
True
Is 45364 a multiple of 11?
True
Is 7 a factor of 30?
False
Is 2 a factor of 434?
True
Is 19 a factor of 399?
True
Is 3 a factor of 192?
True
Is 71 a factor of 33796?
True
Is 11 a factor of 6695?
False
Is 63160 a multiple of 6?
False
Is 348 a multiple of 9?
False
Is 44 a multiple of 4?
True
Is 10 a factor of 13033?
False
Is 14384 a multiple of 62?
True
Is 11 a factor of 1507?
True
Is 6760 a multiple of 42?
Fals